-34
Let m(b) = -10*b - 9. Let h(y) = 19*y + 16. Let i(g) = -6*h(g) - 11*m(g). Let q(o) = o. Let p(a) = -i(a) - 5*q(a). Give p(-7).
4
Let j(z) be the third derivative of 5*z**4/8 - 7*z**3/6 - 3*z**2 - 61. Calculate j(1).
8
Let n(h) = h + 13. Suppose 0 = 40*q - 67*q + 108. Suppose 4*a = 8*a - 4*v + 16, -q*a = 5*v + 52. Give n(a).
5
Let p(w) = 200*w - 17. Let y(n) = 889*n - 68. Let z(i) = -9*p(i) + 2*y(i). What is z(4)?
-71
Suppose 7*k - 15*k + 296 = 0. Suppose -18*u + 107 = -k. Let z(t) = -t**3 + 8*t**2 + 1. What is z(u)?
1
Let l(c) be the first derivative of c**3/3 - 12*c - 2916. Let i = -3 - 1. Let u be l(i). Let a(f) = -f**3 + 5*f**2 - 5*f + 4. Calculate a(u).
0
Let f(b) = 7*b**2 - 3*b - 16. Let l(r) be the first derivative of 8*r**3/3 - 5*r**2/2 - 18*r + 111. Let u(h) = 7*f(h) - 6*l(h). Determine u(-10).
6
Let g(h) be the first derivative of -7*h**2/2 - 4*h - 92. Suppose 5*w + 2 = -4*b, 4*w - 12 = 4*b + 8. Calculate g(b).
17
Let q(d) = d**2 - 147*d + 1106. Let h be q(8). Let n(t) be the second derivative of 3*t + 3*t**2 + 0 + 1/2*t**4 + 1/6*t**3 + 1/20*t**5. What is n(h)?
0
Suppose -5 = -72*a + 71*a. Suppose l - 4 = r - 13, -a*l - 33 = -4*r. Let y(k) = k - 13. Calculate y(r).
-1
Let d(b) = -68*b**2 - 24. Let z(l) = -206*l**2 - 66. Let s(c) = -11*d(c) + 4*z(c). Calculate s(1).
-76
Suppose -5*v - 8 = -3. Suppose n = 2*h, -3*h + 0*h + 13 = 5*n. Let r(j) = 331*j**n - 343*j**2 - 1 + 2. What is r(v)?
-11
Let p = -46962 - -46966. Let m(o) = 2*o**3 - 4*o**2 - 6*o - 9. Give m(p).
31
Let y(m) be the second derivative of 5/6*m**3 - m + 0 + 1/2*m**2. Let z = 1711 + -1714. Determine y(z).
-14
Let b(l) = -3. Let k(y) be the first derivative of -2 + 15*y + 1/2*y**2. Let g(a) = -11*b(a) - 2*k(a). Calculate g(3).
-3
Let b be 4/(-28) - 6/546 - 28/(-182). Let o(n) = 0*n + n**2 + 0*n**3 - n**3 - 1 + n. Determine o(b).
-1
Let z(w) = -1 - 1222*w - 57*w**2 + 13*w**2 + 1223*w. Give z(1).
-44
Let q(p) = -10*p**2 + 3*p + 1. Suppose 1329*s - 1342*s = 13. Determine q(s).
-12
Let k(g) = -2*g + 14. Let m be k(-10). Let i(u) = 7 + 9*u + 8 + 8 - m - u**2. Determine i(8).
-3
Suppose 1845 = 5*x + 6570. Let g be ((-1)/(-3))/((-15)/x). Suppose 4*i - g = i. Let r(n) = -2*n + 5. Calculate r(i).
-9
Let o(i) = 8*i - 3. Let u be o(-3). Let g = 21 + u. Let l(y) be the first derivative of y**4/4 + 2*y**3 - y**2 - 5*y - 51. Calculate l(g).
7
Let u = 35 - -2. Suppose 4*z + u = 3*y, 2*y + 11 = -4*z - 11. Let w(x) = -2*x + 104 - 211 + 99. Give w(z).
6
Let i be 7 + 3 + -4 + -5. Suppose -r - 11 = i. Let d(f) be the third derivative of f**6/120 + 11*f**5/60 - 11*f**4/24 + 5*f**3/2 + f**2. What is d(r)?
3
Suppose 0 = -7*x + 3*x - 32. Let q be ((-6)/10 + (-330)/(-300))*6. Let o(i) = 6 + 39*i**3 - 3*i**2 + 11*i**2 - 38*i**q + 3*i. Calculate o(x).
-18
Let v = -3460 + 3462. Let t = -3 + 3. Let j(f) = 5*f**2 - 2*f + t*f - f**3 - 1 + 0. Give j(v).
7
Let b = 31122 + -31118. Let y(a) = -a**3 - a. Let k(i) = -5*i**3 + 5*i**2 - 7*i - 2. Let r(h) = k(h) - 4*y(h). Give r(b).
2
Let b(j) = 11*j**2 + 32*j + 5. Let q = -35047 - -35044. Give b(q).
8
Let q(p) = -p**2 + 4*p - 5. Suppose 6*m = 2*m + 168. Let f = -39 + m. Suppose -f*s = 2*v - 5, 0*s + 2*s = -2*v + 6. Give q(v).
-5
Let n(o) = 12*o - 11*o**2 - o**3 + 3401 + o**2 - 3385. Determine n(-11).
5
Suppose 66777 - 66843 = -33*d. Let h(g) = 1. Suppose 0*v + 2*v + 8 = 0. Let l(s) = s - 7. Let c(x) = v*h(x) - l(x). What is c(d)?
1
Let d(l) = 2 - 5989*l - 5989*l - 3*l**2 - 2*l**2 + l**3 + 11971*l. Determine d(-3).
-49
Let a(k) = k**3 - 4*k**2 + 3*k - 3. Let z = -14 - -17. Suppose 4*g - 3*m = -m + 174, 5*g - z*m = 218. Suppose 10 = -11*v + g. Determine a(v).
-3
Let g(j) = 16*j - 1. Let w be 1*-4*(-34)/68. Suppose -w*i - 3*r = -11, -9 = r - 4*r. Give g(i).
15
Let n(d) be the first derivative of -d**2/2 + 4*d + 1090. Calculate n(-2).
6
Let y(k) = -971*k + 489*k + 13 + 479*k. Calculate y(-13).
52
Let h(i) = i**2 + i + 1. Let c(f) = -6*f**2 - 6*f + 2. Suppose 6*y + 29 = 35. Let v(u) = y*c(u) + 5*h(u). Give v(-4).
-5
Let d(j) = 9 - 223*j + 212*j + 14*j. Let i be (-21)/(-2)*(-2)/3. Determine d(i).
-12
Let l(j) be the second derivative of 0 + 1/2*j**2 + 2/3*j**3 - j + 1/12*j**4. Suppose -14 = s - 5*v, -4*s - 2*v - 16 = -4. Calculate l(s).
1
Let p(w) = -2*w**3 + 5*w - 1. Let g(c) = 14*c - 1132. Let j be g(81). Give p(j).
-7
Let p(s) be the third derivative of -s**5/60 - 3*s**4/8 - 5*s**3/6 - 23*s**2. Let m = 174 - 155. Let i = 13 - m. Determine p(i).
13
Let h(s) = 7*s + 65. Let p(q) = 3*q**3 - 102*q**2 - 2*q + 54. Let f be p(34). Determine h(f).
-33
Let f(q) = 2*q + 6. Suppose -131*r + 135*r = 148. Suppose 4*p + p - r = 4*x, -3*p = -3. Give f(x).
-10
Let q(r) = -r**3 + 12*r**2 + 14*r - 20. Let a(d) = 51*d - 52*d - 41 - d**2 + 43. Let n(l) = -3*a(l) - q(l). What is n(10)?
4
Let f(i) = -3*i + 0*i + 4 - 2*i. Let z(d) = -d**3 - 14*d**2 + 10. Let r be z(-14). Suppose r*t = -119 + 149. Calculate f(t).
-11
Let y(x) = 458 - 243 + 2*x - 226. Determine y(3).
-5
Let y(j) = -j**2 + 8*j - 3. Let s be y(7). Let q(u) = 1465*u**2 + 10*u - 730*u**2 + 2 - 7*u - 736*u**2. Give q(s).
-2
Let q = 56 - 51. Let s be 16/(-40) + 72/q. Let d(t) = -12*t**2 + t**3 - s*t**2 + 3*t - 3 + 31*t**2. Calculate d(-3).
6
Let a(f) be the second derivative of f**4/12 + f**3 + f**2 - 9*f - 34. Calculate a(-3).
-7
Let z(t) = 3*t - 159 + 325 - 170 + 6*t. Give z(1).
5
Let n(u) = 4*u**2 - 4*u + 1. Let y(i) = i**2 - i. Suppose -59 = 12*t - 95. Let j(g) = t*y(g) - n(g). Give j(-3).
-13
Let l be 167957/(-265) - (-8)/10. Let s = 625 + l. Let k(w) = -w**2 - 7*w + 10. Determine k(s).
2
Suppose -40 = -4*p + 36. Let h(x) = 13 + 9355837*x + 8 - 9355838*x + 0. Determine h(p).
2
Let d(z) = 29*z**2 - 14*z - 155. Let w(m) = 13*m**2 - 6*m - 79. Let c(a) = -4*d(a) + 9*w(a). Give c(8).
-11
Let c = -3347 + 3356. Let i(j) = 2*j + 2. Give i(c).
20
Let i(x) be the second derivative of -x**4/12 + 19*x**3/6 - 3*x**2 - 79*x + 6. What is i(20)?
-26
Let a(k) = 714 - 722 + 11*k - 19*k + 9*k. What is a(-2)?
-10
Let m(k) = -2*k**3 + 19*k**2 - 9*k + 22. Suppose 631 = -a + 5*v + 675, -9*v - 54 = a. Give m(a).
22
Let n(s) be the second derivative of s**5/20 + 11*s**4/12 - 3*s**3/2 + 3*s**2 + 8024*s. Calculate n(-11).
105
Let y(a) be the third derivative of -a**5/60 - a**3/6 - 123*a**2. Let l be 8/(-2)*(-4)/4. Suppose -2*s - 2*s = -l. Give y(s).
-2
Let t(f) = 2*f**2 - 2*f - 1. Let i be (1 - 0)*-8*8. Suppose -s = 2*n - 68, -10*s - 5*n + 340 = -5*s. Let c = i + s. Calculate t(c).
23
Let x(p) = 9*p**2 - 155*p - 70. Let g(b) = 14*b**2 - 247*b - 105. Let d(y) = -5*g(y) + 8*x(y). What is d(6)?
7
Let a be (18 - (6 + 3)) + 8 + -6. Let g(f) = f**2 - 14*f + 28. Determine g(a).
-5
Let p(v) = v**3 + 40*v**2 - 21*v - 844. Let w be p(-40). Let t(b) = 5*b**2 + 4*b - 1. Let d(f) = -f**2 - 1. Let q(k) = 3*d(k) + t(k). Calculate q(w).
12
Let y(q) be the third derivative of -q**6/120 - 7*q**5/60 - q**4/6 + q**3 - 73*q**2 - 1. What is y(-7)?
34
Let b(p) = -p**3 + 17*p**2 - 3*p - 20. Let i(c) = -c**3 - 15*c**2 + 26*c + 407. Let f be i(-15). Calculate b(f).
-71
Let w = -15 + 5. Let x(v) be the third derivative of -1/24*v**4 + 0*v - 8*v**2 - 5/3*v**3 + 2. What is x(w)?
0
Let z = 159 + -156. Let f(r) = z*r + 0*r - r + 11 - r. Calculate f(-12).
-1
Let y(g) be the second derivative of 1/6*g**3 + 0 + 5*g**2 + 5*g. Let i = -711 + 700. Determine y(i).
-1
Suppose -3*g = -n - 13 - 10, -g = 2*n - 17. Let l(t) be the second derivative of -1/20*t**5 - 1/6*t**3 - 12*t + 5/2*t**2 - 2 + 3/4*t**4. Give l(g).
-4
Let p(o) be the first derivative of -2*o**2 - 15*o + 552. Give p(-4).
1
Suppose -i + 503 = -5*h, -2*i - 2*h + 1071 = h. Let x = 534 - i. Let v(p) = -p - 4. Determine v(x).
-10
Let f(u) = -u**3 - 7*u**2 - 10*u - 6. Let i(h) = 20*h - 9. Let r be i(-12). Let j = r + 243. What is f(j)?
18
Let h(n) = 7*n + 95. Let w be (-83667)/7014 + (-1)/14. Calculate h(w).
11
Let w(t) = 3496*t**2 - 1161*t**2 - 13 - 1170*t**2 - 1166*t**2 + 16*t. Give w(11).
42
Let u(k) = k**3 - 10*k**2 - 1. Let a(t) = -2*t**3 + 21*t**2 + 1. Let l(q) = -4*a(q) - 9*u(q). Let y be ((33/7 - 0) + -3)/((-14)/(-49)). Determine l(y).
5
Let v(w) = -w**2 + 1. Let c(s) = 2*s**2 + s - 79. Let i(z) = -c(z) - v(z). Let l(r) be the first derivative of i(r). Determine l(1).
-3
Let s be 1 + 11 + (1813/(-392) - 10/(-16)). L